{"id":52,"date":"2026-01-27T12:32:41","date_gmt":"2026-01-27T12:32:41","guid":{"rendered":"https:\/\/www.dachdecker-ikkert.de\/?page_id=52"},"modified":"2026-04-11T09:59:21","modified_gmt":"2026-04-11T09:59:21","slug":"feuerwehrdienst","status":"publish","type":"page","link":"https:\/\/www.dachdecker-ikkert.de\/index.php\/feuerwehrdienst\/","title":{"rendered":"Feuerwehrdienst"},"content":{"rendered":"\n<p class=\"has-large-font-size\"><strong>Meine Feuerwehr-Erfahrung hilft auch Ihnen<\/strong><\/p>\n\n\n\n<div class=\"wp-block-media-text is-stacked-on-mobile\" style=\"grid-template-columns:48% auto\"><figure class=\"wp-block-media-text__media\"><img fetchpriority=\"high\" decoding=\"async\" width=\"644\" height=\"1024\" src=\"https:\/\/www.dachdecker-ikkert.de\/wp-content\/uploads\/2026\/04\/20220812_155003_resized-002-644x1024.jpg\" alt=\"\" class=\"wp-image-99 size-full\" srcset=\"https:\/\/www.dachdecker-ikkert.de\/wp-content\/uploads\/2026\/04\/20220812_155003_resized-002-644x1024.jpg 644w, https:\/\/www.dachdecker-ikkert.de\/wp-content\/uploads\/2026\/04\/20220812_155003_resized-002-189x300.jpg 189w, https:\/\/www.dachdecker-ikkert.de\/wp-content\/uploads\/2026\/04\/20220812_155003_resized-002-768x1222.jpg 768w, https:\/\/www.dachdecker-ikkert.de\/wp-content\/uploads\/2026\/04\/20220812_155003_resized-002.jpg 948w\" sizes=\"(max-width: 644px) 100vw, 644px\" \/><\/figure><div class=\"wp-block-media-text__content\">\n<p>Ob w\u00e4hrend der Arbeitszeit, nach Feierabend, an Wochenenden oder Feiertagen bin ich auch f\u00fcr Sie 24 Stunden am Tag, 7 Tage die Woche und 365 Tage im Jahr in Bereitschaft &#8211; hier allerdings zum Wohle aller Mitb\u00fcrgerinnen und Mitb\u00fcrger-.<br>Als Feuerwehrmann der Feuerwehr D\u00fcsseldorf sorge ich auch hier f\u00fcr Ihre Sicherheit! Deswegen achte ich auch bei der Ausf\u00fchrung meiner Arbeiten an oder in Ihren Objekten auf die Einhaltung der vorgeschriebenen 2. Rettungswege, auf Rauchmelder oder Sonstiges was zur Ihrer Sicherheit im Dachgeschoss beitr\u00e4gt. Ich stehe ihnen also auch zu diesen Themen, soweit es mir m\u00f6glich ist, beratend zur Seite.<\/p>\n<\/div><\/div>\n","protected":false},"excerpt":{"rendered":"<p>Meine Feuerwehr-Erfahrung hilft auch Ihnen Ob w\u00e4hrend der Arbeitszeit, nach Feierabend, an Wochenenden oder Feiertagen bin ich auch f\u00fcr Sie 24 Stunden am Tag, 7 Tage die Woche und 365 Tage im Jahr in Bereitschaft &#8211; hier allerdings zum Wohle aller Mitb\u00fcrgerinnen und Mitb\u00fcrger-.Als Feuerwehrmann der Feuerwehr D\u00fcsseldorf sorge ich auch hier f\u00fcr Ihre Sicherheit! [&hellip;]<\/p>\n","protected":false},"author":1,"featured_media":0,"parent":0,"menu_order":0,"comment_status":"closed","ping_status":"closed","template":"","meta":{"footnotes":""},"class_list":["post-52","page","type-page","status-publish","hentry"],"_links":{"self":[{"href":"https:\/\/www.dachdecker-ikkert.de\/index.php\/wp-json\/wp\/v2\/pages\/52","targetHints":{"allow":["GET"]}}],"collection":[{"href":"https:\/\/www.dachdecker-ikkert.de\/index.php\/wp-json\/wp\/v2\/pages"}],"about":[{"href":"https:\/\/www.dachdecker-ikkert.de\/index.php\/wp-json\/wp\/v2\/types\/page"}],"author":[{"embeddable":true,"href":"https:\/\/www.dachdecker-ikkert.de\/index.php\/wp-json\/wp\/v2\/users\/1"}],"replies":[{"embeddable":true,"href":"https:\/\/www.dachdecker-ikkert.de\/index.php\/wp-json\/wp\/v2\/comments?post=52"}],"version-history":[{"count":3,"href":"https:\/\/www.dachdecker-ikkert.de\/index.php\/wp-json\/wp\/v2\/pages\/52\/revisions"}],"predecessor-version":[{"id":101,"href":"https:\/\/www.dachdecker-ikkert.de\/index.php\/wp-json\/wp\/v2\/pages\/52\/revisions\/101"}],"wp:attachment":[{"href":"https:\/\/www.dachdecker-ikkert.de\/index.php\/wp-json\/wp\/v2\/media?parent=52"}],"curies":[{"name":"wp","href":"https:\/\/api.w.org\/{rel}","templated":true}]}}

<p class="has-large-font-size"><strong>Meine Feuerwehr-Erfahrung hilft auch Ihnen</strong></p>



<div class="wp-block-media-text is-stacked-on-mobile" style="grid-template-columns:48% auto"><figure class="wp-block-media-text__media"><img fetchpriority="high" decoding="async" width="644" height="1024" src="https://www.dachdecker-ikkert.de/wp-content/uploads/2026/04/20220812_155003_resized-002-644x1024.jpg" alt="" class="wp-image-99 size-full" srcset="https://www.dachdecker-ikkert.de/wp-content/uploads/2026/04/20220812_155003_resized-002-644x1024.jpg 644w, https://www.dachdecker-ikkert.de/wp-content/uploads/2026/04/20220812_155003_resized-002-189x300.jpg 189w, https://www.dachdecker-ikkert.de/wp-content/uploads/2026/04/20220812_155003_resized-002-768x1222.jpg 768w, https://www.dachdecker-ikkert.de/wp-content/uploads/2026/04/20220812_155003_resized-002.jpg 948w" sizes="(max-width: 644px) 100vw, 644px" /></figure><div class="wp-block-media-text__content">
<p>Ob während der Arbeitszeit, nach Feierabend, an Wochenenden oder Feiertagen bin ich auch für Sie 24 Stunden am Tag, 7 Tage die Woche und 365 Tage im Jahr in Bereitschaft &#8211; hier allerdings zum Wohle aller Mitbürgerinnen und Mitbürger-.<br>Als Feuerwehrmann der Feuerwehr Düsseldorf sorge ich auch hier für Ihre Sicherheit! Deswegen achte ich auch bei der Ausführung meiner Arbeiten an oder in Ihren Objekten auf die Einhaltung der vorgeschriebenen 2. Rettungswege, auf Rauchmelder oder Sonstiges was zur Ihrer Sicherheit im Dachgeschoss beiträgt. Ich stehe ihnen also auch zu diesen Themen, soweit es mir möglich ist, beratend zur Seite.</p>
</div></div>

<p>Meine Feuerwehr-Erfahrung hilft auch Ihnen Ob während der Arbeitszeit, nach Feierabend, an Wochenenden oder Feiertagen bin ich auch für Sie 24 Stunden am Tag, 7 Tage die Woche und 365 Tage im Jahr in Bereitschaft &#8211; hier allerdings zum Wohle aller Mitbürgerinnen und Mitbürger-.Als Feuerwehrmann der Feuerwehr Düsseldorf sorge ich auch hier für Ihre Sicherheit! [&hellip;]</p>
