{"id":20,"date":"2026-01-27T12:22:07","date_gmt":"2026-01-27T12:22:07","guid":{"rendered":"https:\/\/www.dachdecker-ikkert.de\/?page_id=20"},"modified":"2026-01-27T13:06:35","modified_gmt":"2026-01-27T13:06:35","slug":"wir-ueber-uns","status":"publish","type":"page","link":"https:\/\/www.dachdecker-ikkert.de\/index.php\/wir-ueber-uns\/","title":{"rendered":"Wir \u00fcber uns"},"content":{"rendered":"\n<p class=\"has-x-large-font-size\"><strong>Kompetenz f\u00fcr ein Rundum-Paket<\/strong><\/p>\n\n\n\n<p>1998 habe ich das Unternehmen als J\u00f6rg Ikkert VELUX Dachfenster-Service in D\u00fcsseldorf gegr\u00fcndet. <\/p>\n\n\n\n<div class=\"wp-block-media-text has-media-on-the-right is-stacked-on-mobile\"><div class=\"wp-block-media-text__content\">\n<p class=\"has-medium-font-size\">Vorangegangen war eine meisterliche Ausbildung zum Dachdecker sowie eine weitere zus\u00e4tzliche Ausbildung zum Techniker und weiterf\u00fchrend zum stellvertretenden Technischen Assistenten bei einem f\u00fchrenden Hersteller von Dachfl\u00e4chenfenstern, der VELUX Deutschland GmbH. <\/p>\n<\/div><figure class=\"wp-block-media-text__media\"><img fetchpriority=\"high\" decoding=\"async\" width=\"450\" height=\"440\" src=\"https:\/\/www.dachdecker-ikkert.de\/wp-content\/uploads\/2026\/01\/custom_113_1396438375_56_0_582_569.jpg\" alt=\"\" class=\"wp-image-21 size-full\" srcset=\"https:\/\/www.dachdecker-ikkert.de\/wp-content\/uploads\/2026\/01\/custom_113_1396438375_56_0_582_569.jpg 450w, https:\/\/www.dachdecker-ikkert.de\/wp-content\/uploads\/2026\/01\/custom_113_1396438375_56_0_582_569-300x293.jpg 300w\" sizes=\"(max-width: 450px) 100vw, 450px\" \/><\/figure><\/div>\n\n\n\n<p>Nach langj\u00e4hrigen Erfahrungen und T\u00e4tigkeiten im Unternehmen bildete dies eine Basis f\u00fcr mein Unternehmen.<br>Der Schwerpunkt lag und liegt auch heute noch auf dem Einbau und der Wartung von Dachfl\u00e4chenfenstern &#8211; von Velux, aber auch von anderen namhaften Herstellern wie ROTO, Braas bzw. D\u00f6rken etc.<\/p>\n\n\n\n<p class=\"has-medium-font-size\">Im Jahr 2005 habe ich mein Unternehmen als Dachdeckerbetrieb erweitert, um meinen Kunden auch hier kompetent auszuf\u00fchrende Leistungen anbieten zu k\u00f6nnen.<\/p>\n\n\n\n<p class=\"has-medium-font-size\">Um Ihnen als unseren Kunden ein Rundum-Paket offerieren zu k\u00f6nnen, arbeiten wir sehr eng mit anderen kompetenten Handwerksmeisterbetrieben (Dipl. Stukkateur, Innenausbauer, Maler, Elektriker usw.) zusammen, um Ihre Arbeiten komplett ausf\u00fchren zu k\u00f6nnen.<\/p>\n\n\n\n<p class=\"has-medium-font-size\">Die Fachkenntnisse einiger Meisterkollegen aus anderen Gewerken sowie deren Unterst\u00fctzung auf den Baustellen werden nat\u00fcrlich auch sehr gerne von meinen Kunden in Anspruch genommen.<\/p>\n\n\n\n<p class=\"has-medium-font-size\">Wir sind Mitglied der Dachdecker-Innung und der Handwerkskammer&nbsp;D\u00fcsseldorf&nbsp;sowie des Dachdecker-Verbands Nordrhein.<\/p>\n","protected":false},"excerpt":{"rendered":"<p>Kompetenz f\u00fcr ein Rundum-Paket 1998 habe ich das Unternehmen als J\u00f6rg Ikkert VELUX Dachfenster-Service in D\u00fcsseldorf gegr\u00fcndet. Vorangegangen war eine meisterliche Ausbildung zum Dachdecker sowie eine weitere zus\u00e4tzliche Ausbildung zum Techniker und weiterf\u00fchrend zum stellvertretenden Technischen Assistenten bei einem f\u00fchrenden Hersteller von Dachfl\u00e4chenfenstern, der VELUX Deutschland GmbH. Nach langj\u00e4hrigen Erfahrungen und T\u00e4tigkeiten im Unternehmen bildete [&hellip;]<\/p>\n","protected":false},"author":1,"featured_media":0,"parent":0,"menu_order":0,"comment_status":"closed","ping_status":"closed","template":"","meta":{"footnotes":""},"class_list":["post-20","page","type-page","status-publish","hentry"],"_links":{"self":[{"href":"https:\/\/www.dachdecker-ikkert.de\/index.php\/wp-json\/wp\/v2\/pages\/20","targetHints":{"allow":["GET"]}}],"collection":[{"href":"https:\/\/www.dachdecker-ikkert.de\/index.php\/wp-json\/wp\/v2\/pages"}],"about":[{"href":"https:\/\/www.dachdecker-ikkert.de\/index.php\/wp-json\/wp\/v2\/types\/page"}],"author":[{"embeddable":true,"href":"https:\/\/www.dachdecker-ikkert.de\/index.php\/wp-json\/wp\/v2\/users\/1"}],"replies":[{"embeddable":true,"href":"https:\/\/www.dachdecker-ikkert.de\/index.php\/wp-json\/wp\/v2\/comments?post=20"}],"version-history":[{"count":3,"href":"https:\/\/www.dachdecker-ikkert.de\/index.php\/wp-json\/wp\/v2\/pages\/20\/revisions"}],"predecessor-version":[{"id":76,"href":"https:\/\/www.dachdecker-ikkert.de\/index.php\/wp-json\/wp\/v2\/pages\/20\/revisions\/76"}],"wp:attachment":[{"href":"https:\/\/www.dachdecker-ikkert.de\/index.php\/wp-json\/wp\/v2\/media?parent=20"}],"curies":[{"name":"wp","href":"https:\/\/api.w.org\/{rel}","templated":true}]}}